{"id":17,"date":"2024-05-07T16:59:22","date_gmt":"2024-05-07T14:59:22","guid":{"rendered":"https:\/\/artiuc.ignaciojofre.com\/?page_id=17"},"modified":"2026-03-03T22:12:34","modified_gmt":"2026-03-03T21:12:34","slug":"normativa","status":"publish","type":"page","link":"https:\/\/artiuc.ignaciojofre.com\/index.php\/normativa\/","title":{"rendered":"Normativa"},"content":{"rendered":"\t\t<div data-elementor-type=\"wp-page\" data-elementor-id=\"17\" class=\"elementor elementor-17\" data-elementor-post-type=\"page\">\n\t\t\t\t\t\t<section class=\"elementor-section elementor-top-section elementor-element elementor-element-c8b4497 elementor-section-boxed elementor-section-height-default elementor-section-height-default\" data-id=\"c8b4497\" data-element_type=\"section\" data-settings=\"{&quot;background_background&quot;:&quot;classic&quot;}\">\n\t\t\t\t\t\t\t<div class=\"elementor-background-overlay\"><\/div>\n\t\t\t\t\t\t\t<div class=\"elementor-container elementor-column-gap-default\">\n\t\t\t\t\t<div class=\"elementor-column elementor-col-100 elementor-top-column elementor-element elementor-element-25a0d5f\" data-id=\"25a0d5f\" data-element_type=\"column\">\n\t\t\t<div class=\"elementor-widget-wrap elementor-element-populated\">\n\t\t\t\t\t\t<div class=\"elementor-element elementor-element-187874a elementor-widget elementor-widget-heading\" data-id=\"187874a\" data-element_type=\"widget\" data-widget_type=\"heading.default\">\n\t\t\t\t<div class=\"elementor-widget-container\">\n\t\t\t<style>\/*! elementor - v3.21.0 - 30-04-2024 *\/\n.elementor-heading-title{padding:0;margin:0;line-height:1}.elementor-widget-heading .elementor-heading-title[class*=elementor-size-]>a{color:inherit;font-size:inherit;line-height:inherit}.elementor-widget-heading .elementor-heading-title.elementor-size-small{font-size:15px}.elementor-widget-heading .elementor-heading-title.elementor-size-medium{font-size:19px}.elementor-widget-heading .elementor-heading-title.elementor-size-large{font-size:29px}.elementor-widget-heading .elementor-heading-title.elementor-size-xl{font-size:39px}.elementor-widget-heading .elementor-heading-title.elementor-size-xxl{font-size:59px}<\/style><h1 class=\"elementor-heading-title elementor-size-default\">Normativa<\/h1>\t\t<\/div>\n\t\t\t\t<\/div>\n\t\t\t\t\t<\/div>\n\t\t<\/div>\n\t\t\t\t\t<\/div>\n\t\t<\/section>\n\t\t\t\t<section class=\"elementor-section elementor-top-section elementor-element elementor-element-01b8d5b elementor-section-boxed elementor-section-height-default elementor-section-height-default\" data-id=\"01b8d5b\" data-element_type=\"section\">\n\t\t\t\t\t\t<div class=\"elementor-container elementor-column-gap-default\">\n\t\t\t\t\t<div class=\"elementor-column elementor-col-100 elementor-top-column elementor-element elementor-element-cd67300\" data-id=\"cd67300\" data-element_type=\"column\">\n\t\t\t<div class=\"elementor-widget-wrap elementor-element-populated\">\n\t\t\t\t\t\t<div class=\"elementor-element elementor-element-e746c56 elementor-widget elementor-widget-heading\" data-id=\"e746c56\" data-element_type=\"widget\" data-widget_type=\"heading.default\">\n\t\t\t\t<div class=\"elementor-widget-container\">\n\t\t\t<h2 class=\"elementor-heading-title elementor-size-default\">Sistema Especial de Alumnos con Discapacidad Visual<\/h2>\t\t<\/div>\n\t\t\t\t<\/div>\n\t\t\t\t<div class=\"elementor-element elementor-element-1deaa86 elementor-widget-divider--view-line elementor-widget elementor-widget-divider\" data-id=\"1deaa86\" data-element_type=\"widget\" data-widget_type=\"divider.default\">\n\t\t\t\t<div class=\"elementor-widget-container\">\n\t\t\t<style>\/*! elementor - v3.21.0 - 30-04-2024 *\/\n.elementor-widget-divider{--divider-border-style:none;--divider-border-width:1px;--divider-color:#0c0d0e;--divider-icon-size:20px;--divider-element-spacing:10px;--divider-pattern-height:24px;--divider-pattern-size:20px;--divider-pattern-url:none;--divider-pattern-repeat:repeat-x}.elementor-widget-divider .elementor-divider{display:flex}.elementor-widget-divider .elementor-divider__text{font-size:15px;line-height:1;max-width:95%}.elementor-widget-divider .elementor-divider__element{margin:0 var(--divider-element-spacing);flex-shrink:0}.elementor-widget-divider .elementor-icon{font-size:var(--divider-icon-size)}.elementor-widget-divider .elementor-divider-separator{display:flex;margin:0;direction:ltr}.elementor-widget-divider--view-line_icon .elementor-divider-separator,.elementor-widget-divider--view-line_text .elementor-divider-separator{align-items:center}.elementor-widget-divider--view-line_icon .elementor-divider-separator:after,.elementor-widget-divider--view-line_icon .elementor-divider-separator:before,.elementor-widget-divider--view-line_text .elementor-divider-separator:after,.elementor-widget-divider--view-line_text .elementor-divider-separator:before{display:block;content:\"\";border-block-end:0;flex-grow:1;border-block-start:var(--divider-border-width) var(--divider-border-style) var(--divider-color)}.elementor-widget-divider--element-align-left .elementor-divider .elementor-divider-separator>.elementor-divider__svg:first-of-type{flex-grow:0;flex-shrink:100}.elementor-widget-divider--element-align-left .elementor-divider-separator:before{content:none}.elementor-widget-divider--element-align-left .elementor-divider__element{margin-left:0}.elementor-widget-divider--element-align-right .elementor-divider .elementor-divider-separator>.elementor-divider__svg:last-of-type{flex-grow:0;flex-shrink:100}.elementor-widget-divider--element-align-right .elementor-divider-separator:after{content:none}.elementor-widget-divider--element-align-right .elementor-divider__element{margin-right:0}.elementor-widget-divider--element-align-start .elementor-divider .elementor-divider-separator>.elementor-divider__svg:first-of-type{flex-grow:0;flex-shrink:100}.elementor-widget-divider--element-align-start .elementor-divider-separator:before{content:none}.elementor-widget-divider--element-align-start .elementor-divider__element{margin-inline-start:0}.elementor-widget-divider--element-align-end .elementor-divider .elementor-divider-separator>.elementor-divider__svg:last-of-type{flex-grow:0;flex-shrink:100}.elementor-widget-divider--element-align-end .elementor-divider-separator:after{content:none}.elementor-widget-divider--element-align-end .elementor-divider__element{margin-inline-end:0}.elementor-widget-divider:not(.elementor-widget-divider--view-line_text):not(.elementor-widget-divider--view-line_icon) .elementor-divider-separator{border-block-start:var(--divider-border-width) var(--divider-border-style) var(--divider-color)}.elementor-widget-divider--separator-type-pattern{--divider-border-style:none}.elementor-widget-divider--separator-type-pattern.elementor-widget-divider--view-line .elementor-divider-separator,.elementor-widget-divider--separator-type-pattern:not(.elementor-widget-divider--view-line) .elementor-divider-separator:after,.elementor-widget-divider--separator-type-pattern:not(.elementor-widget-divider--view-line) .elementor-divider-separator:before,.elementor-widget-divider--separator-type-pattern:not([class*=elementor-widget-divider--view]) .elementor-divider-separator{width:100%;min-height:var(--divider-pattern-height);-webkit-mask-size:var(--divider-pattern-size) 100%;mask-size:var(--divider-pattern-size) 100%;-webkit-mask-repeat:var(--divider-pattern-repeat);mask-repeat:var(--divider-pattern-repeat);background-color:var(--divider-color);-webkit-mask-image:var(--divider-pattern-url);mask-image:var(--divider-pattern-url)}.elementor-widget-divider--no-spacing{--divider-pattern-size:auto}.elementor-widget-divider--bg-round{--divider-pattern-repeat:round}.rtl .elementor-widget-divider .elementor-divider__text{direction:rtl}.e-con-inner>.elementor-widget-divider,.e-con>.elementor-widget-divider{width:var(--container-widget-width,100%);--flex-grow:var(--container-widget-flex-grow)}<\/style>\t\t<div class=\"elementor-divider\">\n\t\t\t<span class=\"elementor-divider-separator\">\n\t\t\t\t\t\t<\/span>\n\t\t<\/div>\n\t\t\t\t<\/div>\n\t\t\t\t<\/div>\n\t\t\t\t<div class=\"elementor-element elementor-element-ec60ebc elementor-widget elementor-widget-text-editor\" data-id=\"ec60ebc\" data-element_type=\"widget\" data-widget_type=\"text-editor.default\">\n\t\t\t\t<div class=\"elementor-widget-container\">\n\t\t\t<style>\/*! elementor - v3.21.0 - 30-04-2024 *\/\n.elementor-widget-text-editor.elementor-drop-cap-view-stacked .elementor-drop-cap{background-color:#69727d;color:#fff}.elementor-widget-text-editor.elementor-drop-cap-view-framed .elementor-drop-cap{color:#69727d;border:3px solid;background-color:transparent}.elementor-widget-text-editor:not(.elementor-drop-cap-view-default) .elementor-drop-cap{margin-top:8px}.elementor-widget-text-editor:not(.elementor-drop-cap-view-default) .elementor-drop-cap-letter{width:1em;height:1em}.elementor-widget-text-editor .elementor-drop-cap{float:left;text-align:center;line-height:1;font-size:50px}.elementor-widget-text-editor .elementor-drop-cap-letter{display:inline-block}<\/style>\t\t\t\t<p style=\"font-weight: 400;\">La Universidad de Concepci\u00f3n cuenta con un\u00a0<strong>Sistema de Admisi\u00f3n Especial\u00a0<\/strong>para aquellos y aquellas personas con discapacidad visual.<\/p>\n<p style=\"font-weight: 400;\">Este proceso es din\u00e1mico y cada a\u00f1o se publican los requisitos, para m\u00e1s informaci\u00f3n consultar en:<\/p>\n<p style=\"padding-left: 80px;\">Unidad Admisi\u00f3n y Registro Acad\u00e9mico Estudiantil.\n<\/br>E-mail:\u00a0<a href=\"mailto:admision@udec.cl\"><strong>admision@udec.cl<\/strong><\/a>\n<\/br>Fono:\u00a0<a href=\"tel:412207291\"><strong>(56) 412207291<\/strong><\/a><\/p>\t\t\t\t\t\t<\/div>\n\t\t\t\t<\/div>\n\t\t\t\t\t<\/div>\n\t\t<\/div>\n\t\t\t\t\t<\/div>\n\t\t<\/section>\n\t\t\t\t<section class=\"elementor-section elementor-top-section elementor-element elementor-element-0c68e13 elementor-section-boxed elementor-section-height-default elementor-section-height-default\" data-id=\"0c68e13\" data-element_type=\"section\" data-settings=\"{&quot;background_background&quot;:&quot;classic&quot;}\">\n\t\t\t\t\t\t<div class=\"elementor-container elementor-column-gap-default\">\n\t\t\t\t\t<div class=\"elementor-column elementor-col-100 elementor-top-column elementor-element elementor-element-3294283\" data-id=\"3294283\" data-element_type=\"column\">\n\t\t\t<div class=\"elementor-widget-wrap elementor-element-populated\">\n\t\t\t\t\t\t<div class=\"elementor-element elementor-element-c79f3af elementor-widget elementor-widget-heading\" data-id=\"c79f3af\" data-element_type=\"widget\" data-widget_type=\"heading.default\">\n\t\t\t\t<div class=\"elementor-widget-container\">\n\t\t\t<h2 class=\"elementor-heading-title elementor-size-default\">Normativa Nacional<\/h2>\t\t<\/div>\n\t\t\t\t<\/div>\n\t\t\t\t<div class=\"elementor-element elementor-element-b516237 elementor-widget-divider--view-line elementor-widget elementor-widget-divider\" data-id=\"b516237\" data-element_type=\"widget\" data-widget_type=\"divider.default\">\n\t\t\t\t<div class=\"elementor-widget-container\">\n\t\t\t\t\t<div class=\"elementor-divider\">\n\t\t\t<span class=\"elementor-divider-separator\">\n\t\t\t\t\t\t<\/span>\n\t\t<\/div>\n\t\t\t\t<\/div>\n\t\t\t\t<\/div>\n\t\t\t\t<div class=\"elementor-element elementor-element-ee11b22 elementor-widget elementor-widget-text-editor\" data-id=\"ee11b22\" data-element_type=\"widget\" data-widget_type=\"text-editor.default\">\n\t\t\t\t<div class=\"elementor-widget-container\">\n\t\t\t\t\t\t\t<p style=\"font-weight: 400;\">En Chile la principal normativa sobre Inclusi\u00f3n Educativa es la Ley N\u00b0 20.422, que asegura el derecho a la igualdad de oportunidades de las personas con discapacidad, con el fin de obtener su plena inclusi\u00f3n social, asegurando el disfrute de sus derechos y eliminando cualquier forma de discriminaci\u00f3n fundada en la discapacidad.<\/p><p style=\"font-weight: 400;\">En este sentido, permite evidenciar \u00e9sta participaci\u00f3n plena como derecho a la educaci\u00f3n superior en su art\u00edculo N\u00b0 39 expresando lo siguiente:<\/p><ul style=\"font-weight: 400;\"><li>El Ministerio de Educaci\u00f3n cautelar\u00e1 la participaci\u00f3n de las personas con discapacidad en los programas relacionados con el aprendizaje, desarrollo cultural y el perfeccionamiento.<\/li><\/ul><p style=\"font-weight: 400;\">Las instituciones de Educaci\u00f3n Superior deber\u00e1n contar con mecanismos que faciliten el acceso de las personas con discapacidad, as\u00ed como adaptar los materiales de estudio y medios de ense\u00f1anza para que dichas personas puedan cursar las diferentes carreras.<\/p>\t\t\t\t\t\t<\/div>\n\t\t\t\t<\/div>\n\t\t\t\t\t<\/div>\n\t\t<\/div>\n\t\t\t\t\t<\/div>\n\t\t<\/section>\n\t\t\t\t<section class=\"elementor-section elementor-top-section elementor-element elementor-element-06e5460 elementor-section-boxed elementor-section-height-default elementor-section-height-default\" data-id=\"06e5460\" data-element_type=\"section\">\n\t\t\t\t\t\t<div class=\"elementor-container elementor-column-gap-default\">\n\t\t\t\t\t<div class=\"elementor-column elementor-col-100 elementor-top-column elementor-element elementor-element-fcf25b2\" data-id=\"fcf25b2\" data-element_type=\"column\">\n\t\t\t<div class=\"elementor-widget-wrap elementor-element-populated\">\n\t\t\t\t\t\t<div class=\"elementor-element elementor-element-12c8992 elementor-widget elementor-widget-heading\" data-id=\"12c8992\" data-element_type=\"widget\" data-widget_type=\"heading.default\">\n\t\t\t\t<div class=\"elementor-widget-container\">\n\t\t\t<h2 class=\"elementor-heading-title elementor-size-default\">Normativa Internacional<\/h2>\t\t<\/div>\n\t\t\t\t<\/div>\n\t\t\t\t<div class=\"elementor-element elementor-element-b173769 elementor-widget-divider--view-line elementor-widget elementor-widget-divider\" data-id=\"b173769\" data-element_type=\"widget\" data-widget_type=\"divider.default\">\n\t\t\t\t<div class=\"elementor-widget-container\">\n\t\t\t\t\t<div class=\"elementor-divider\">\n\t\t\t<span class=\"elementor-divider-separator\">\n\t\t\t\t\t\t<\/span>\n\t\t<\/div>\n\t\t\t\t<\/div>\n\t\t\t\t<\/div>\n\t\t\t\t<div class=\"elementor-element elementor-element-195e4eb elementor-widget elementor-widget-text-editor\" data-id=\"195e4eb\" data-element_type=\"widget\" data-widget_type=\"text-editor.default\">\n\t\t\t\t<div class=\"elementor-widget-container\">\n\t\t\t\t\t\t\t<p style=\"font-weight: 400;\">A nivel internacional existen diversas normativas que velan por los derechos de las personas con discapacidad y su inclusi\u00f3n educativa. Algunos de ellos son:<\/p><p style=\"font-weight: 400;\"><strong>Declaraci\u00f3n Universal de los Derechos Humanos (1948)<\/strong><\/p><ul style=\"font-weight: 400;\"><li>Garantiza el derecho a la educaci\u00f3n para todas las personas en su nivel primario y elemental.<\/li><\/ul><p style=\"font-weight: 400;\"><strong>Convenci\u00f3n de las Naciones Unidas sobre los Derechos de las Personas con Discapacidad y su Protocolo Facultativo (2006)<\/strong><\/p><ul style=\"font-weight: 400;\"><li>Promueve los derechos de las personas con discapacidades y establece que los Estados Parte aseguraran que las personas con discapacidad tengan acceso general a la educaci\u00f3n superior, la formaci\u00f3n profesional, la educaci\u00f3n para adultos y el aprendizaje durante toda la vida sin discriminaci\u00f3n y en igualdad de condiciones con las dem\u00e1s.<\/li><\/ul><p style=\"font-weight: 400;\"><strong>Convenci\u00f3n 2030:\u00a0Declaraci\u00f3n de Incheon y Marco de Acci\u00f3n para la realizaci\u00f3n del ODS 4<\/strong><\/p><ul style=\"font-weight: 400;\"><li>Detalla el compromiso global para garantizar una educaci\u00f3n inclusiva, equitativa y de calidad, as\u00ed como oportunidades de aprendizaje para todos hasta el a\u00f1o 2030. Este marco resalta la importancia de la educaci\u00f3n como derecho fundamental y piedra angular para el desarrollo sostenible. Establece objetivos y estrategias, enfatizando la cooperaci\u00f3n internacional, la financiaci\u00f3n adecuada y la implementaci\u00f3n de pol\u00edticas inclusivas.<\/li><\/ul><p style=\"font-weight: 400;\">Todas las consultas respecto de esta informaci\u00f3n puede ser revisada en\u00a0<a href=\"http:\/\/www.ohchr.org\/\">www.ohchr.org<\/a><\/p>\t\t\t\t\t\t<\/div>\n\t\t\t\t<\/div>\n\t\t\t\t\t<\/div>\n\t\t<\/div>\n\t\t\t\t\t<\/div>\n\t\t<\/section>\n\t\t\t\t<section class=\"elementor-section elementor-top-section elementor-element elementor-element-2a93a5e elementor-section-boxed elementor-section-height-default elementor-section-height-default\" data-id=\"2a93a5e\" data-element_type=\"section\" data-settings=\"{&quot;background_background&quot;:&quot;classic&quot;}\">\n\t\t\t\t\t\t<div class=\"elementor-container elementor-column-gap-default\">\n\t\t\t\t\t<div class=\"elementor-column elementor-col-100 elementor-top-column elementor-element elementor-element-c2621a4\" data-id=\"c2621a4\" data-element_type=\"column\">\n\t\t\t<div class=\"elementor-widget-wrap elementor-element-populated\">\n\t\t\t\t\t\t<div class=\"elementor-element elementor-element-9faf8b8 elementor-widget elementor-widget-heading\" data-id=\"9faf8b8\" data-element_type=\"widget\" data-widget_type=\"heading.default\">\n\t\t\t\t<div class=\"elementor-widget-container\">\n\t\t\t<h2 class=\"elementor-heading-title elementor-size-default\">Pol\u00edtica Institucional de Inclusi\u00f3n, Atenci\u00f3n y Valoraci\u00f3n de la Diversidad<\/h2>\t\t<\/div>\n\t\t\t\t<\/div>\n\t\t\t\t<div class=\"elementor-element elementor-element-fcc6ec6 elementor-widget-divider--view-line elementor-widget elementor-widget-divider\" data-id=\"fcc6ec6\" data-element_type=\"widget\" data-widget_type=\"divider.default\">\n\t\t\t\t<div class=\"elementor-widget-container\">\n\t\t\t\t\t<div class=\"elementor-divider\">\n\t\t\t<span class=\"elementor-divider-separator\">\n\t\t\t\t\t\t<\/span>\n\t\t<\/div>\n\t\t\t\t<\/div>\n\t\t\t\t<\/div>\n\t\t\t\t<div class=\"elementor-element elementor-element-93411a4 elementor-widget elementor-widget-text-editor\" data-id=\"93411a4\" data-element_type=\"widget\" data-widget_type=\"text-editor.default\">\n\t\t\t\t<div class=\"elementor-widget-container\">\n\t\t\t\t\t\t\t<p style=\"font-weight: 400;\">La Universidad de Concepci\u00f3n (UdeC) implementa la inclusi\u00f3n a trav\u00e9s de su\u00a0&#8220;<a href=\"https:\/\/www.google.com\/search?q=Pol%C3%ADtica+Institucional+de+Inclusi%C3%B3n%2C+Atenci%C3%B3n+y+Valoraci%C3%B3n+de+la+Diversidad&amp;oq=ley+de+inclusion+universidad+de+concepcio%C2%B4mn&amp;gs_lcrp=EgZjaHJvbWUyBggAEEUYOTIHCAEQIRigATIHCAIQIRigAdIBCTgzODdqMGoxNagCCLACAfEFxnAAk38uopU&amp;sourceid=chrome&amp;ie=UTF-8&amp;ved=2ahUKEwi73JWorq6SAxUPlZUCHUDIHf8QgK4QegQIARAC\">Pol\u00edtica Institucional de Inclusi\u00f3n, Atenci\u00f3n y Valoraci\u00f3n de la Diversidad<\/a>&#8221;\u00a0 (Decreto UdeC N\u00b0 2022-128), alineada con normativas chilenas (Leyes 20.422, 21.015, 21.545) para asegurar la igualdad, accesibilidad y no discriminaci\u00f3n.<\/p><p style=\"font-weight: 400;\"><a href=\"https:\/\/includec.udec.cl\/wp-content\/uploads\/2023\/06\/Politica-de-Inclusion-UdeC_digital.pdf\"><strong>Puedes encontrarla presionando aqu\u00ed.<\/strong><\/a><\/p>\t\t\t\t\t\t<\/div>\n\t\t\t\t<\/div>\n\t\t\t\t\t<\/div>\n\t\t<\/div>\n\t\t\t\t\t<\/div>\n\t\t<\/section>\n\t\t\t\t<\/div>\n\t\t","protected":false},"excerpt":{"rendered":"<p>Normativa Sistema Especial de Alumnos con Discapacidad Visual La Universidad de Concepci\u00f3n cuenta con un\u00a0Sistema de Admisi\u00f3n Especial\u00a0para aquellos y aquellas personas con discapacidad visual. Este proceso es din\u00e1mico y cada a\u00f1o se publican los requisitos, para m\u00e1s informaci\u00f3n consultar en: Unidad Admisi\u00f3n y Registro Acad\u00e9mico Estudiantil. E-mail:\u00a0admision@udec.cl Fono:\u00a0(56) 412207291 Normativa Nacional En Chile la &#8230; <a title=\"Normativa\" class=\"read-more\" href=\"https:\/\/artiuc.ignaciojofre.com\/index.php\/normativa\/\" aria-label=\"Read more about Normativa\">Read more<\/a><\/p>\n","protected":false},"author":1,"featured_media":0,"parent":0,"menu_order":0,"comment_status":"closed","ping_status":"closed","template":"elementor_header_footer","meta":{"footnotes":""},"class_list":["post-17","page","type-page","status-publish"],"_links":{"self":[{"href":"https:\/\/artiuc.ignaciojofre.com\/index.php\/wp-json\/wp\/v2\/pages\/17","targetHints":{"allow":["GET"]}}],"collection":[{"href":"https:\/\/artiuc.ignaciojofre.com\/index.php\/wp-json\/wp\/v2\/pages"}],"about":[{"href":"https:\/\/artiuc.ignaciojofre.com\/index.php\/wp-json\/wp\/v2\/types\/page"}],"author":[{"embeddable":true,"href":"https:\/\/artiuc.ignaciojofre.com\/index.php\/wp-json\/wp\/v2\/users\/1"}],"replies":[{"embeddable":true,"href":"https:\/\/artiuc.ignaciojofre.com\/index.php\/wp-json\/wp\/v2\/comments?post=17"}],"version-history":[{"count":31,"href":"https:\/\/artiuc.ignaciojofre.com\/index.php\/wp-json\/wp\/v2\/pages\/17\/revisions"}],"predecessor-version":[{"id":540,"href":"https:\/\/artiuc.ignaciojofre.com\/index.php\/wp-json\/wp\/v2\/pages\/17\/revisions\/540"}],"wp:attachment":[{"href":"https:\/\/artiuc.ignaciojofre.com\/index.php\/wp-json\/wp\/v2\/media?parent=17"}],"curies":[{"name":"wp","href":"https:\/\/api.w.org\/{rel}","templated":true}]}}